{"id":12,"date":"2022-02-18T14:55:58","date_gmt":"2022-02-18T13:55:58","guid":{"rendered":"http:\/\/ygrecmusic.com\/?page_id=12"},"modified":"2022-03-15T15:08:00","modified_gmt":"2022-03-15T14:08:00","slug":"elementor-12","status":"publish","type":"page","link":"https:\/\/ygrecmusic.com\/","title":{"rendered":"YGREC"},"content":{"rendered":"\t\t<div data-elementor-type=\"wp-page\" data-elementor-id=\"12\" class=\"elementor elementor-12\" data-elementor-settings=\"[]\">\n\t\t\t\t\t\t\t<div class=\"elementor-section-wrap\">\n\t\t\t\t\t\t\t<section class=\"elementor-section elementor-top-section elementor-element elementor-element-5f60f66 elementor-section-boxed elementor-section-height-default elementor-section-height-default\" data-id=\"5f60f66\" data-element_type=\"section\">\n\t\t\t\t\t\t<div class=\"elementor-container elementor-column-gap-default\">\n\t\t\t\t\t<div class=\"elementor-column elementor-col-100 elementor-top-column elementor-element elementor-element-e058289\" data-id=\"e058289\" data-element_type=\"column\">\n\t\t\t<div class=\"elementor-widget-wrap elementor-element-populated\">\n\t\t\t\t\t\t\t\t<div class=\"elementor-element elementor-element-1f490dd elementor-widget elementor-widget-spacer\" data-id=\"1f490dd\" data-element_type=\"widget\" data-widget_type=\"spacer.default\">\n\t\t\t\t<div class=\"elementor-widget-container\">\n\t\t\t\t\t<div class=\"elementor-spacer\">\n\t\t\t<div class=\"elementor-spacer-inner\"><\/div>\n\t\t<\/div>\n\t\t\t\t<\/div>\n\t\t\t\t<\/div>\n\t\t\t\t<div class=\"elementor-element elementor-element-3dfe7eb elementor-widget elementor-widget-image\" data-id=\"3dfe7eb\" data-element_type=\"widget\" data-widget_type=\"image.default\">\n\t\t\t\t<div class=\"elementor-widget-container\">\n\t\t\t<style>\/*! elementor - v3.5.6 - 28-02-2022 *\/\n.elementor-widget-image{text-align:center}.elementor-widget-image a{display:inline-block}.elementor-widget-image a img[src$=\".svg\"]{width:48px}.elementor-widget-image img{vertical-align:middle;display:inline-block}<\/style>\t\t\t\t\t\t\t\t\t\t\t\t<img loading=\"lazy\" decoding=\"async\" width=\"800\" height=\"800\" src=\"https:\/\/ygrecmusic.com\/wp-content\/uploads\/2022\/02\/Ouverture-YGREC-1024x1024.jpg\" class=\"attachment-large size-large\" alt=\"\" srcset=\"https:\/\/ygrecmusic.com\/wp-content\/uploads\/2022\/02\/Ouverture-YGREC-1024x1024.jpg 1024w, https:\/\/ygrecmusic.com\/wp-content\/uploads\/2022\/02\/Ouverture-YGREC-300x300.jpg 300w, https:\/\/ygrecmusic.com\/wp-content\/uploads\/2022\/02\/Ouverture-YGREC-150x150.jpg 150w, https:\/\/ygrecmusic.com\/wp-content\/uploads\/2022\/02\/Ouverture-YGREC-768x768.jpg 768w, https:\/\/ygrecmusic.com\/wp-content\/uploads\/2022\/02\/Ouverture-YGREC-1536x1536.jpg 1536w, https:\/\/ygrecmusic.com\/wp-content\/uploads\/2022\/02\/Ouverture-YGREC-2048x2048.jpg 2048w\" sizes=\"auto, (max-width: 800px) 100vw, 800px\" \/>\t\t\t\t\t\t\t\t\t\t\t\t\t\t\t<\/div>\n\t\t\t\t<\/div>\n\t\t\t\t<div class=\"elementor-element elementor-element-43925fc elementor-widget elementor-widget-spacer\" data-id=\"43925fc\" data-element_type=\"widget\" data-widget_type=\"spacer.default\">\n\t\t\t\t<div class=\"elementor-widget-container\">\n\t\t\t\t\t<div class=\"elementor-spacer\">\n\t\t\t<div class=\"elementor-spacer-inner\"><\/div>\n\t\t<\/div>\n\t\t\t\t<\/div>\n\t\t\t\t<\/div>\n\t\t\t\t\t<\/div>\n\t\t<\/div>\n\t\t\t\t\t\t\t<\/div>\n\t\t<\/section>\n\t\t\t\t<section class=\"elementor-section elementor-top-section elementor-element elementor-element-9c89060 elementor-section-boxed elementor-section-height-default elementor-section-height-default\" data-id=\"9c89060\" data-element_type=\"section\">\n\t\t\t\t\t\t<div class=\"elementor-container elementor-column-gap-default\">\n\t\t\t\t\t<div class=\"elementor-column elementor-col-100 elementor-top-column elementor-element elementor-element-dc310a6\" data-id=\"dc310a6\" data-element_type=\"column\">\n\t\t\t<div class=\"elementor-widget-wrap elementor-element-populated\">\n\t\t\t\t\t\t\t\t<div class=\"elementor-element elementor-element-28e2e6a elementor-widget elementor-widget-text-editor\" data-id=\"28e2e6a\" data-element_type=\"widget\" data-widget_type=\"text-editor.default\">\n\t\t\t\t<div class=\"elementor-widget-container\">\n\t\t\t<style>\/*! elementor - v3.5.6 - 28-02-2022 *\/\n.elementor-widget-text-editor.elementor-drop-cap-view-stacked .elementor-drop-cap{background-color:#818a91;color:#fff}.elementor-widget-text-editor.elementor-drop-cap-view-framed .elementor-drop-cap{color:#818a91;border:3px solid;background-color:transparent}.elementor-widget-text-editor:not(.elementor-drop-cap-view-default) .elementor-drop-cap{margin-top:8px}.elementor-widget-text-editor:not(.elementor-drop-cap-view-default) .elementor-drop-cap-letter{width:1em;height:1em}.elementor-widget-text-editor .elementor-drop-cap{float:left;text-align:center;line-height:1;font-size:50px}.elementor-widget-text-editor .elementor-drop-cap-letter{display:inline-block}<\/style>\t\t\t\t<p>YGREC est un duo de compositeurs, cr\u00e9e en 2021 par deux amis d\u2019enfance. L\u2019un est producteur son et l\u2019autre pianiste.<\/p><p>A la demande de la France Insoumise, YGREC cr\u00e9e <span style=\"text-decoration: underline;\"><em>Ouverture<\/em><\/span>, l\u2019hymne du programme l\u2019Avenir en Commun, port\u00e9 en 2022 par le candidat \u00e0 l\u2019\u00e9lection pr\u00e9sidentielle fran\u00e7aise, Jean-Luc M\u00e9lenchon.<\/p><p><span style=\"text-decoration: underline;\"><em>Ouverture<\/em><\/span> est diffus\u00e9 pour la premi\u00e8re fois le 28 Ao\u00fbt 2021 \u00e0 Valence, lors de la cl\u00f4ture des Universit\u00e9s d\u2019\u00e9t\u00e9 de la France Insoumise, AMFIS 2021. Le titre est la bande son d\u2019une mise en sc\u00e8ne innovante m\u00ealant nature, son, lumi\u00e8re et vid\u00e9os projet\u00e9es sur un mur d\u2019eau. La musique vient colorer la lecture d\u2019un texte exaltant de Victor Hugo sur la r\u00e9publique d\u00e9clam\u00e9 par Jean-Luc M\u00e9lenchon.<\/p>\t\t\t\t\t\t<\/div>\n\t\t\t\t<\/div>\n\t\t\t\t\t<\/div>\n\t\t<\/div>\n\t\t\t\t\t\t\t<\/div>\n\t\t<\/section>\n\t\t\t\t<section class=\"elementor-section elementor-top-section elementor-element elementor-element-f47fecc elementor-section-boxed elementor-section-height-default elementor-section-height-default\" data-id=\"f47fecc\" data-element_type=\"section\">\n\t\t\t\t\t\t<div class=\"elementor-container elementor-column-gap-default\">\n\t\t\t\t\t<div class=\"elementor-column elementor-col-100 elementor-top-column elementor-element elementor-element-94cffd0\" data-id=\"94cffd0\" data-element_type=\"column\">\n\t\t\t<div class=\"elementor-widget-wrap elementor-element-populated\">\n\t\t\t\t\t\t\t\t<div class=\"elementor-element elementor-element-30ad9c2 elementor-aspect-ratio-169 elementor-widget elementor-widget-video\" data-id=\"30ad9c2\" data-element_type=\"widget\" data-settings=\"{&quot;youtube_url&quot;:&quot;https:\\\/\\\/youtu.be\\\/rLlzPRMEOM8&quot;,&quot;video_type&quot;:&quot;youtube&quot;,&quot;controls&quot;:&quot;yes&quot;,&quot;aspect_ratio&quot;:&quot;169&quot;}\" data-widget_type=\"video.default\">\n\t\t\t\t<div class=\"elementor-widget-container\">\n\t\t\t<style>\/*! elementor - v3.5.6 - 28-02-2022 *\/\n.elementor-widget-video .elementor-widget-container{overflow:hidden;-webkit-transform:translateZ(0);transform:translateZ(0)}.elementor-widget-video .elementor-open-inline .elementor-custom-embed-image-overlay{position:absolute;top:0;left:0;width:100%;height:100%;-webkit-background-size:cover;background-size:cover;background-position:50%}.elementor-widget-video .elementor-custom-embed-image-overlay{cursor:pointer;text-align:center}.elementor-widget-video .elementor-custom-embed-image-overlay:hover .elementor-custom-embed-play i{opacity:1}.elementor-widget-video .elementor-custom-embed-image-overlay img{display:block;width:100%}.elementor-widget-video .e-hosted-video .elementor-video{-o-object-fit:cover;object-fit:cover}<\/style>\t\t<div class=\"elementor-wrapper elementor-fit-aspect-ratio elementor-open-inline\">\n\t\t\t<div class=\"elementor-video\"><\/div>\t\t<\/div>\n\t\t\t\t<\/div>\n\t\t\t\t<\/div>\n\t\t\t\t\t<\/div>\n\t\t<\/div>\n\t\t\t\t\t\t\t<\/div>\n\t\t<\/section>\n\t\t\t\t<section class=\"elementor-section elementor-top-section elementor-element elementor-element-eccc933 elementor-section-boxed elementor-section-height-default elementor-section-height-default\" data-id=\"eccc933\" data-element_type=\"section\">\n\t\t\t\t\t\t<div class=\"elementor-container elementor-column-gap-default\">\n\t\t\t\t\t<div class=\"elementor-column elementor-col-100 elementor-top-column elementor-element elementor-element-4c5e194\" data-id=\"4c5e194\" data-element_type=\"column\">\n\t\t\t<div class=\"elementor-widget-wrap elementor-element-populated\">\n\t\t\t\t\t\t\t\t<div class=\"elementor-element elementor-element-67c707d elementor-widget elementor-widget-text-editor\" data-id=\"67c707d\" data-element_type=\"widget\" data-widget_type=\"text-editor.default\">\n\t\t\t\t<div class=\"elementor-widget-container\">\n\t\t\t\t\t\t\t<p><span style=\"text-decoration: underline;\"><em>Ouverture<\/em><\/span> est devenu depuis l\u2019hymne officiel de la campagne pr\u00e9sidentielle de l\u2019Union populaire.<\/p><p>En composant <span style=\"text-decoration: underline;\"><em>Ouverture<\/em><\/span>, YGREC s\u2019est inspir\u00e9 d\u2019univers musicaux vari\u00e9s allant de la musique \u00e9lectro (Kavinsky, Justice, Daft Punk..) \u00e0 la pop en passant par le hip-hop marseillais de Bouga et son fameux <span style=\"text-decoration: underline;\"><em>Belsunce Breakdown<\/em><\/span>, de la musique classique et de la chanson.<\/p><p>L\u2019hymne de la campagne est une variation sur le th\u00e8me du chant r\u00e9volutionnaire compos\u00e9 en 1794 par \u00c9tienne Nicolas M\u00e9hul, sur les paroles de Marie-Joseph Ch\u00e9nier\u00a0: <span style=\"text-decoration: underline;\"><em>Chant du D\u00e9part<\/em><\/span>.<\/p><p><span style=\"text-decoration: underline;\"><em>Ouverture<\/em><\/span> est compos\u00e9 de deux parties qui s\u2019opposent en terme de narration d\u2019ambiance et de sonorit\u00e9s.<\/p><p>La premi\u00e8re partie en mineur cr\u00e9e une suspension, \u00e0 travers des boucles de piano omnipr\u00e9sentes qui r\u00e9sonnent en canon, en reprenant le couplet du <span style=\"text-decoration: underline;\"><em>Chant du d\u00e9part<\/em><\/span>. La rythmique est notamment compos\u00e9e par le son de battements de c\u0153urs profonds pr\u00e9sents tout le long. Il alerte le public d\u00e8s le d\u00e9but de la solennit\u00e9 du moment, tout en faisant vibrer la salle. L&#8217;atmosph\u00e8re combative et motivante \u00e0 la m\u00e9lancolie dansante se d\u00e9veloppe tout au long de cette partie o\u00f9 les instruments \u00e9lectroniques, la rythmique et les cordes gagnent progressivement en puissance.<\/p><p>La 2\u00e8me et derni\u00e8re partie, au versant glorieux et lib\u00e9rateur est teint\u00e9e d\u2019espoir. Elle reprend \u00e9galement la m\u00e9lodie du refrain du <span style=\"text-decoration: underline;\"><em>Chant du d\u00e9part<\/em><\/span> en l\u2019\u00e9tirant. On peut \u00e9galement y entendre <span style=\"text-decoration: underline;\"><em>La Marseillaise<\/em><\/span> en contrechant. <br \/>Cette partie conclusive soutient l\u2019arriv\u00e9e sur sc\u00e8ne du candidat.<\/p>\t\t\t\t\t\t<\/div>\n\t\t\t\t<\/div>\n\t\t\t\t\t<\/div>\n\t\t<\/div>\n\t\t\t\t\t\t\t<\/div>\n\t\t<\/section>\n\t\t\t\t<section class=\"elementor-section elementor-top-section elementor-element elementor-element-96ed432 elementor-section-boxed elementor-section-height-default elementor-section-height-default\" data-id=\"96ed432\" data-element_type=\"section\">\n\t\t\t\t\t\t<div class=\"elementor-container elementor-column-gap-default\">\n\t\t\t\t\t<div class=\"elementor-column elementor-col-100 elementor-top-column elementor-element elementor-element-bdedba1\" data-id=\"bdedba1\" data-element_type=\"column\">\n\t\t\t<div class=\"elementor-widget-wrap elementor-element-populated\">\n\t\t\t\t\t\t\t\t<div class=\"elementor-element elementor-element-9c02da4 elementor-widget elementor-widget-text-editor\" data-id=\"9c02da4\" data-element_type=\"widget\" data-widget_type=\"text-editor.default\">\n\t\t\t\t<div class=\"elementor-widget-container\">\n\t\t\t\t\t\t\t<p><iframe loading=\"lazy\" title=\"YouTube video player\" src=\"https:\/\/www.youtube.com\/embed\/e6od-F3hhTw\" width=\"560\" height=\"315\" frameborder=\"0\" allowfullscreen=\"allowfullscreen\"><\/iframe><\/p>\t\t\t\t\t\t<\/div>\n\t\t\t\t<\/div>\n\t\t\t\t\t<\/div>\n\t\t<\/div>\n\t\t\t\t\t\t\t<\/div>\n\t\t<\/section>\n\t\t\t\t<section class=\"elementor-section elementor-top-section elementor-element elementor-element-7b3cb00 elementor-section-boxed elementor-section-height-default elementor-section-height-default\" data-id=\"7b3cb00\" data-element_type=\"section\">\n\t\t\t\t\t\t<div class=\"elementor-container elementor-column-gap-default\">\n\t\t\t\t\t<div class=\"elementor-column elementor-col-50 elementor-top-column elementor-element elementor-element-8194f87\" data-id=\"8194f87\" data-element_type=\"column\">\n\t\t\t<div class=\"elementor-widget-wrap elementor-element-populated\">\n\t\t\t\t\t\t\t\t<div class=\"elementor-element elementor-element-e7974ad elementor-widget elementor-widget-image\" data-id=\"e7974ad\" data-element_type=\"widget\" data-widget_type=\"image.default\">\n\t\t\t\t<div class=\"elementor-widget-container\">\n\t\t\t\t\t\t\t\t\t\t\t\t<figure class=\"wp-caption\">\n\t\t\t\t\t\t\t\t\t\t\t<a href=\"https:\/\/open.spotify.com\/album\/4oQFVYF6bGRk41o7Bef4UH?si=emS17e9USCezueO81ICR-Q\">\n\t\t\t\t\t\t\t<img loading=\"lazy\" decoding=\"async\" width=\"768\" height=\"432\" src=\"https:\/\/ygrecmusic.com\/wp-content\/uploads\/2022\/03\/Logo-Spotify-768x432.jpg\" class=\"attachment-medium_large size-medium_large\" alt=\"\" srcset=\"https:\/\/ygrecmusic.com\/wp-content\/uploads\/2022\/03\/Logo-Spotify-768x432.jpg 768w, https:\/\/ygrecmusic.com\/wp-content\/uploads\/2022\/03\/Logo-Spotify-300x169.jpg 300w, https:\/\/ygrecmusic.com\/wp-content\/uploads\/2022\/03\/Logo-Spotify-1024x577.jpg 1024w, https:\/\/ygrecmusic.com\/wp-content\/uploads\/2022\/03\/Logo-Spotify-1536x865.jpg 1536w, https:\/\/ygrecmusic.com\/wp-content\/uploads\/2022\/03\/Logo-Spotify.jpg 1920w\" sizes=\"auto, (max-width: 768px) 100vw, 768px\" \/>\t\t\t\t\t\t\t\t<\/a>\n\t\t\t\t\t\t\t\t\t\t\t<figcaption class=\"widget-image-caption wp-caption-text\">\u00e9couter sur Spotify<\/figcaption>\n\t\t\t\t\t\t\t\t\t\t<\/figure>\n\t\t\t\t\t\t\t\t\t<\/div>\n\t\t\t\t<\/div>\n\t\t\t\t\t<\/div>\n\t\t<\/div>\n\t\t\t\t<div class=\"elementor-column elementor-col-50 elementor-top-column elementor-element elementor-element-0a05b98\" data-id=\"0a05b98\" data-element_type=\"column\">\n\t\t\t<div class=\"elementor-widget-wrap elementor-element-populated\">\n\t\t\t\t\t\t\t\t<div class=\"elementor-element elementor-element-69748eb elementor-widget elementor-widget-image\" data-id=\"69748eb\" data-element_type=\"widget\" data-widget_type=\"image.default\">\n\t\t\t\t<div class=\"elementor-widget-container\">\n\t\t\t\t\t\t\t\t\t\t\t\t<figure class=\"wp-caption\">\n\t\t\t\t\t\t\t\t\t\t\t<a href=\"https:\/\/deezer.page.link\/cBBysv91P9mQBEW16\">\n\t\t\t\t\t\t\t<img loading=\"lazy\" decoding=\"async\" width=\"768\" height=\"432\" src=\"https:\/\/ygrecmusic.com\/wp-content\/uploads\/2022\/03\/deezer-logo-e1647353019807.jpg\" class=\"attachment-medium_large size-medium_large\" alt=\"\" \/>\t\t\t\t\t\t\t\t<\/a>\n\t\t\t\t\t\t\t\t\t\t\t<figcaption class=\"widget-image-caption wp-caption-text\">\u00e9couter sur Deezer<\/figcaption>\n\t\t\t\t\t\t\t\t\t\t<\/figure>\n\t\t\t\t\t\t\t\t\t<\/div>\n\t\t\t\t<\/div>\n\t\t\t\t\t<\/div>\n\t\t<\/div>\n\t\t\t\t\t\t\t<\/div>\n\t\t<\/section>\n\t\t\t\t<section class=\"elementor-section elementor-top-section elementor-element elementor-element-217ed2d elementor-section-boxed elementor-section-height-default elementor-section-height-default\" data-id=\"217ed2d\" data-element_type=\"section\">\n\t\t\t\t\t\t<div class=\"elementor-container elementor-column-gap-default\">\n\t\t\t\t\t<div class=\"elementor-column elementor-col-100 elementor-top-column elementor-element elementor-element-4bb6852\" data-id=\"4bb6852\" data-element_type=\"column\">\n\t\t\t<div class=\"elementor-widget-wrap elementor-element-populated\">\n\t\t\t\t\t\t\t\t<div class=\"elementor-element elementor-element-3615076 elementor-widget elementor-widget-heading\" data-id=\"3615076\" data-element_type=\"widget\" data-widget_type=\"heading.default\">\n\t\t\t\t<div class=\"elementor-widget-container\">\n\t\t\t<style>\/*! elementor - v3.5.6 - 28-02-2022 *\/\n.elementor-heading-title{padding:0;margin:0;line-height:1}.elementor-widget-heading .elementor-heading-title[class*=elementor-size-]>a{color:inherit;font-size:inherit;line-height:inherit}.elementor-widget-heading .elementor-heading-title.elementor-size-small{font-size:15px}.elementor-widget-heading .elementor-heading-title.elementor-size-medium{font-size:19px}.elementor-widget-heading .elementor-heading-title.elementor-size-large{font-size:29px}.elementor-widget-heading .elementor-heading-title.elementor-size-xl{font-size:39px}.elementor-widget-heading .elementor-heading-title.elementor-size-xxl{font-size:59px}<\/style><h1 class=\"elementor-heading-title elementor-size-default\">Contacter YGREC<\/h1>\t\t<\/div>\n\t\t\t\t<\/div>\n\t\t\t\t\t<\/div>\n\t\t<\/div>\n\t\t\t\t\t\t\t<\/div>\n\t\t<\/section>\n\t\t\t\t<section class=\"elementor-section elementor-top-section elementor-element elementor-element-8a88e6b elementor-section-boxed elementor-section-height-default elementor-section-height-default\" data-id=\"8a88e6b\" data-element_type=\"section\">\n\t\t\t\t\t\t<div class=\"elementor-container elementor-column-gap-default\">\n\t\t\t\t\t<div class=\"elementor-column elementor-col-100 elementor-top-column elementor-element elementor-element-e103d48\" data-id=\"e103d48\" data-element_type=\"column\">\n\t\t\t<div class=\"elementor-widget-wrap elementor-element-populated\">\n\t\t\t\t\t\t\t\t<div class=\"elementor-element elementor-element-37d0db7 elementor-widget elementor-widget-wpforms\" data-id=\"37d0db7\" data-element_type=\"widget\" data-widget_type=\"wpforms.default\">\n\t\t\t\t<div class=\"elementor-widget-container\">\n\t\t\t<div class=\"wpforms-container wpforms-container-full\" id=\"wpforms-6\"><form id=\"wpforms-form-6\" class=\"wpforms-validate wpforms-form wpforms-ajax-form\" data-formid=\"6\" method=\"post\" enctype=\"multipart\/form-data\" action=\"\/index.php\/wp-json\/wp\/v2\/pages\/12\" data-token=\"e4d4e34b0d6331dad056edc7ab26a025\"><noscript class=\"wpforms-error-noscript\">Please enable JavaScript in your browser to complete this form.<\/noscript><div class=\"wpforms-field-container\"><div id=\"wpforms-6-field_0-container\" class=\"wpforms-field wpforms-field-name\" data-field-id=\"0\"><label class=\"wpforms-field-label\" for=\"wpforms-6-field_0\">Nom <span class=\"wpforms-required-label\">*<\/span><\/label><div class=\"wpforms-field-row wpforms-field-medium\"><div class=\"wpforms-field-row-block wpforms-first wpforms-one-half\"><input type=\"text\" id=\"wpforms-6-field_0\" class=\"wpforms-field-name-first wpforms-field-required\" name=\"wpforms[fields][0][first]\" required><label for=\"wpforms-6-field_0\" class=\"wpforms-field-sublabel after \">First<\/label><\/div><div class=\"wpforms-field-row-block wpforms-one-half\"><input type=\"text\" id=\"wpforms-6-field_0-last\" class=\"wpforms-field-name-last wpforms-field-required\" name=\"wpforms[fields][0][last]\" required><label for=\"wpforms-6-field_0-last\" class=\"wpforms-field-sublabel after \">Last<\/label><\/div><\/div><\/div><div id=\"wpforms-6-field_1-container\" class=\"wpforms-field wpforms-field-email\" data-field-id=\"1\"><label class=\"wpforms-field-label\" for=\"wpforms-6-field_1\">Email <span class=\"wpforms-required-label\">*<\/span><\/label><input type=\"email\" id=\"wpforms-6-field_1\" class=\"wpforms-field-medium wpforms-field-required\" name=\"wpforms[fields][1]\" required><\/div><div id=\"wpforms-6-field_2-container\" class=\"wpforms-field wpforms-field-textarea\" data-field-id=\"2\"><label class=\"wpforms-field-label\" for=\"wpforms-6-field_2\">Message <span class=\"wpforms-required-label\">*<\/span><\/label><textarea id=\"wpforms-6-field_2\" class=\"wpforms-field-medium wpforms-field-required\" name=\"wpforms[fields][2]\" required><\/textarea><\/div><\/div><div class=\"wpforms-submit-container\"><input type=\"hidden\" name=\"wpforms[id]\" value=\"6\"><input type=\"hidden\" name=\"wpforms[author]\" value=\"1\"><button type=\"submit\" name=\"wpforms[submit]\" id=\"wpforms-submit-6\" class=\"wpforms-submit\" data-alt-text=\"En cours...\" data-submit-text=\"Envoyer\" aria-live=\"assertive\" value=\"wpforms-submit\">Envoyer<\/button><img loading=\"lazy\" decoding=\"async\" src=\"https:\/\/ygrecmusic.com\/wp-content\/plugins\/wpforms-lite\/assets\/images\/submit-spin.svg\" class=\"wpforms-submit-spinner\" style=\"display: none;\" width=\"26\" height=\"26\" alt=\"\"><\/div><\/form><\/div>  <!-- .wpforms-container -->\t\t<\/div>\n\t\t\t\t<\/div>\n\t\t\t\t\t<\/div>\n\t\t<\/div>\n\t\t\t\t\t\t\t<\/div>\n\t\t<\/section>\n\t\t\t\t\t\t<\/div>\n\t\t\t\t\t<\/div>\n\t\t","protected":false},"excerpt":{"rendered":"<p>YGREC est un duo de compositeurs, cr\u00e9e en 2021 par deux amis d\u2019enfance. L\u2019un est producteur son et l\u2019autre pianiste. A la demande de la France Insoumise, YGREC cr\u00e9e Ouverture, l\u2019hymne du programme l\u2019Avenir en Commun, port\u00e9 en 2022 par le candidat \u00e0 l\u2019\u00e9lection pr\u00e9sidentielle fran\u00e7aise, Jean-Luc M\u00e9lenchon. Ouverture est diffus\u00e9 pour la premi\u00e8re fois [&hellip;]<\/p>\n","protected":false},"author":1,"featured_media":0,"parent":0,"menu_order":0,"comment_status":"closed","ping_status":"closed","template":"elementor_header_footer","meta":{"footnotes":""},"class_list":["post-12","page","type-page","status-publish","hentry"],"_links":{"self":[{"href":"https:\/\/ygrecmusic.com\/index.php\/wp-json\/wp\/v2\/pages\/12","targetHints":{"allow":["GET"]}}],"collection":[{"href":"https:\/\/ygrecmusic.com\/index.php\/wp-json\/wp\/v2\/pages"}],"about":[{"href":"https:\/\/ygrecmusic.com\/index.php\/wp-json\/wp\/v2\/types\/page"}],"author":[{"embeddable":true,"href":"https:\/\/ygrecmusic.com\/index.php\/wp-json\/wp\/v2\/users\/1"}],"replies":[{"embeddable":true,"href":"https:\/\/ygrecmusic.com\/index.php\/wp-json\/wp\/v2\/comments?post=12"}],"version-history":[{"count":81,"href":"https:\/\/ygrecmusic.com\/index.php\/wp-json\/wp\/v2\/pages\/12\/revisions"}],"predecessor-version":[{"id":123,"href":"https:\/\/ygrecmusic.com\/index.php\/wp-json\/wp\/v2\/pages\/12\/revisions\/123"}],"wp:attachment":[{"href":"https:\/\/ygrecmusic.com\/index.php\/wp-json\/wp\/v2\/media?parent=12"}],"curies":[{"name":"wp","href":"https:\/\/api.w.org\/{rel}","templated":true}]}}